t o be 4/(-3 - -1) + 4. Suppose 21 = o*j - j. Calculate the remainder when 61 is divided by j.
19
Let k = 8 - -9. Suppose -3*z + 20 = -5*z + 4*b, 4*z - 5*b + 25 = 0. Suppose z = x + 1 - 32. What is the remainder when x is divided by k?
14
Let h(m) = -8 + 0*m**2 + 5*m**3 - 4*m**3 - 4*m**2 + 5*m - 5*m**2. What is the remainder when h(9) is divided by 10?
7
Let f = -1 + 0. Let x = 0 + f. What is the remainder when x/(0 - 1/17) is divided by 9?
8
Let c = 12 - 4. Suppose y + 0*y - 11 = -b, 45 = 3*y - 3*b. Calculate the remainder when y is divided by c.
5
Let l(p) = p + 21. Suppose -170 = -4*n + a + a, 3*a = -2*n + 65. What is the remainder when n is divided by l(0)?
19
Suppose 4*i + 59 = -17. Suppose -5*g + 3*g - 4*l = 16, -4*l = g + 16. What is the remainder when 38 is divided by 0 + g + (1 - i)?
18
Suppose -o - p - 2 = -17, -3*o + 42 = 2*p. Let u(b) = b**3 - 6*b**2 - 2*b - 2. Calculate the remainder when u(7) is divided by o.
9
Let p(z) = 9*z + 2. Let n be p(2). Suppose 5*g - g - 12 = 4*w, 2*g - n = -5*w. Let h = -2 - -4. Calculate the remainder when g is divided by h.
1
Let q(l) = -2*l - 13. Let m(k) = k + 6. Let u(s) = 5*m(s) + 2*q(s). Let n be u(-5). What is the remainder when (-2 - n) + 28/2 is divided by 5?
3
Let f = 11 + 14. Let g = -34 + 58. Let h = g - 17. Calculate the remainder when f is divided by h.
4
Let q(c) = c. Let m(h) = 3*h - 1. Suppose 0 = k + 3*k + 4. Let n(z) = k*m(z) + 2*q(z). What is the remainder when 19 is divided by n(-10)?
8
Let g(k) be the third derivative of k**4/24 + 3*k**3/2 + 5*k**2. Calculate the remainder when 48 is divided by g(4).
9
What is the remainder when (-60)/(-3) + (-8)/(-12)*-3 is divided by 7?
4
Suppose -92 - 73 = -5*i. Let d(o) = -o + 10. Calculate the remainder when (-6)/i - (-92)/22 is divided by d(7).
1
Let d = -73 + 127. Suppose -z + 4*y + d = -0*y, z - 40 = -3*y. Calculate the remainder when z is divided by 12.
10
Suppose -c - 1 = -i - 0, 0 = -3*i - 2*c + 18. Let v(b) = 11*b + 2. Let j be v(3). Let a = -25 + j. Calculate the remainder when a is divided by i.
2
Let y(x) be the second derivative of x**5/5 + x**4/12 - x**3/6 + x**2/2 + 6*x. What is the remainder when y(2) is divided by 9?
8
Let w be (0 + -1)/(12/60). What is the remainder when 69 is divided by (-2)/w - (-176)/10?
15
Let w be (-10)/(-15) - (-87)/(-9). Calculate the remainder when 14 is divided by 0/w - (-4)/1.
2
Suppose -2*m = 4*o - 0*o - 38, -14 = -2*o - 2*m. Suppose -2*r - 3 = 4*j - 49, -3 = -3*r. Let t(c) = 3*c + 1. What is the remainder when t(j) is divided by o?
10
Let s = -35 - -47. Calculate the remainder when 95 is divided by s.
11
Let x = -95 + 118. Calculate the remainder when x is divided by 18/(-15)*(-11 + 1).
11
Let q(k) = -2*k**2 + 2*k - 2. Let w be q(7). Let x = 157 + w. Calculate the remainder when x is divided by 18.
17
Let v(k) = -k**3 + 7*k**2 + 4. Calculate the remainder when v(4) is divided by 11.
8
Suppose -4*m = -j + 2, 0 = -0*j + 4*j - 3*m - 8. Calculate the remainder when j is divided by 1.
0
Suppose c - 4 = 20. Calculate the remainder when 40 is divided by c.
16
Let k(f) = -f**3 + f**2 + f - 8. Let i be k(0). Calculate the remainder when (0 - 0) + (1 - -27) is divided by -6*2/(i/10).
13
Let k = 46 - 33. Suppose 25 = -3*m - 5*n, -4*m + 0*m = -4*n - 20. Let q(p) = -p**2 - p + 24. What is the remainder when q(m) is divided by k?
11
Let d = 59 - 21. Let x(n) = -n**2 - 8*n - 7. Let w be x(-6). Suppose -w*t = -t - 40. What is the remainder when d is divided by t?
8
What is the remainder when 59 is divided by 2/(-6) - (-138)/9?
14
Suppose a + 22 = 5*v, 5*v + 4*a - 12 = -0*v. Let d(i) = -i**2 - i + 7. Let k be d(-5). What is the remainder when 3 + -1*(k + 1) is divided by v?
3
Let d = 94 - 66. Suppose i - 3*w = -5*w + d, 3*w + 88 = 5*i. Calculate the remainder when 38 is divided by i.
18
Let t(v) = -v**2 + 4*v + 6. Calculate the remainder when 15 is divided by t(4).
3
Let p = -7 + 13. Let u = p + -3. What is the remainder when 9 is divided by u?
0
Calculate the remainder when 27 is divided by 6/(-14) + 45/7.
3
Let q(k) = 2*k**3 - 2*k - 1. Let m(l) = -3*l - 14. Calculate the remainder when q(2) is divided by m(-6).
3
Let v = 7 - 12. What is the remainder when 32 is divided by 3/v - (-116)/10?
10
Let l = 14 + -8. What is the remainder when 14 is divided by (-3)/(1/((-16)/l))?
6
Let h be 6/(-10)*(4 - 9). Suppose h*w - 2*j = 68, 2*w = -0*j + 4*j + 56. Calculate the remainder when 38 is divided by w.
18
Let k be ((-24)/(-10))/((-3)/(-10)). Let g(s) = -4 + 0 + 3 - k*s. Calculate the remainder when g(-2) is divided by 8.
7
Suppose -r - 62 = -3*r. Let n(i) = 2*i - 4. Let b(f) = f + 11. Let o be b(-5). Calculate the remainder when r is divided by n(o).
7
Let w = 468 - 996. Calculate the remainder when 2/(-6) - w/18 is divided by 10.
9
Let p be ((-3)/2)/((-7)/14). Let h = p + 1. Suppose 4*y + h*d - 66 = -2, 0 = 4*d. What is the remainder when y is divided by 6?
4
Suppose g + m = 4*g - 9, -9 = -3*g + 3*m. Let u(p) = p**2 + 2*p + 1. What is the remainder when u(-4) is divided by g?
0
Let x be (-1)/(33/(-15) - -2). Suppose -5*a = -x*k - 50, -2*a + 4*k - 95 = -7*a. Calculate the remainder when 42 is divided by a.
12
Suppose -t - 7 = -3*d, -t = 3*t - 20. Suppose 13*q + 21 = 16*q. What is the remainder when q is divided by d?
3
Suppose -3*y + i + 10 = 0, 2*i + 8 = 5*y - 10. Let r(f) = -2*f**2 - 9*f - 6. Let c be r(-6). Let s = y - c. Calculate the remainder when s is divided by 14.
12
Suppose -l + 0*l - 4*w = -79, 0 = -4*l + 3*w + 297. What is the remainder when l is divided by 11?
9
Suppose -23 = 3*d + 5*f, d - 2*d - 11 = 5*f. Let r = d + 13. Suppose -r = -2*s + 5. What is the remainder when 9 is divided by s?
3
Suppose 0 = -3*a + 2*y + 100, 2*y = 7*y + 25. What is the remainder when 52 is divided by -3 + 0/4 + a?
25
Let t(r) = r**3 + 5*r**2 - 7*r - 5. What is the remainder when t(-5) is divided by 16?
14
Let c(p) = p - 4. Let v be c(6). Calculate the remainder when 3 is divided by 1 + (v + -1 - -1).
0
Let i be (-93)/(-2) - 1/2. Suppose 3*v = 15, -4*r - v + 44 = -5*v. What is the remainder when (i/(-3))/(2/(-6)) is divided by r?
14
Suppose -4*r = 5*z - 0*r + 32, 3*z = -5*r - 14. Let m = z - -15. Let h = m + -1. What is the remainder when 10 is divided by h?
4
Suppose r + 0*p - p - 3 = 0, 2*r = -5*p + 20. What is the remainder when 7 is divided by r?
2
Let p(n) = 56*n + 4. Calculate the remainder when p(1) is divided by 16.
12
Let f = 16 + -23. Let b(h) = h**3 + 6*h**2 - 7*h + 4. What is the remainder when 10 is divided by b(f)?
2
Let z(r) = -3*r - 2. Let q = -10 - -3. What is the remainder when z(q) is divided by 5?
4
Let x(u) = -u**3 - 3. Let w be x(0). Let j = 5 + -3. What is the remainder when w*j/(-12)*4 is divided by 2?
0
Let n(s) = -s - 1. Let o(x) = 35*x**3 - x**2 - 6*x - 5. Let j(i) = 6*n(i) - o(i). Let c be j(1). What is the remainder when 35 is divided by (84/c)/(1/(-5))?
11
Suppose 2*s = -3*s + 200. Let q be (1/2)/(2/16). Suppose 0 = -3*i + 3*g + 36, 2*i - q*g - 24 = -4. What is the remainder when s is divided by i?
12
Let g(w) = -w**2 - 4*w + 1. Suppose -4*v + 28 + 31 = -t, 0 = -2*t - 6. Calculate the remainder when v is divided by g(-3).
2
Let x = 2 + 3. Suppose 0 = 5*m - 20 + x. Suppose 0 = -3*d - m*w + 4*w + 125, d = -5*w + 31. What is the remainder when d is divided by 11?
8
Let k(l) = -l + 7. Let j be k(5). Suppose 0 = -j*n + 4*n - 8. What is the remainder when n is divided by 2?
0
Let l(w) = w**3 + 8*w**2 + 9*w + 17. What is the remainder when l(-5) is divided by 8?
7
Let i(a) = a**3 - 2*a**2 + a + 13. Calculate the remainder when i(3) is divided by 9.
7
Let q(c) = -c**3 + 5*c**2 + 2*c - 2. Let n be q(5). Suppose 0*i + 2*i = n. Calculate the remainder when (-3)/(108/(-33) + 3) is divided by i.
3
Suppose -r - 66 = -4*r. Calculate the remainder when 43 is divided by r.
21
Suppose -r + 0*r - 8 = 0. Let l = r + 25. What is the remainder when 67 is divided by l?
16
Calculate the remainder when ((-2)/3)/((-48)/1944) is divided by 21.
6
Let z be -350*1/(15/(-6)). Suppose 7*a - 3*a = z. Let d = -7 + 25. What is the remainder when a is divided by d?
17
Let k be (-5)/(-2)*(-30)/(-25). Suppose -k*q + 85 = 2*q. Calculate the remainder when q is divided by 9.
8
Let t(k) = k. Let d(u) = -u**2 - 3*u - 1. Let l be d(-2). Ca